w + 1844. Determine h(-6).
-958
Let x(b) = -b**3 + 8*b**2 - 32*b + 29. Determine x(4).
-35
Let a(i) = i**2 + 67*i + 316. What is a(-62)?
6
Let k(q) = -117*q + 140. Determine k(0).
140
Let r(x) = 2*x**2 + 43*x - 174. Determine r(4).
30
Let o(z) = -9*z**2 - 18*z + 26. Give o(4).
-190
Let y(o) = o**3 - 6*o**2 - 568*o - 20. Calculate y(-21).
1
Let q(c) = c**3 - 13*c**2 - 2*c - 3. Determine q(12).
-171
Let q(z) = 2*z**3 + 20*z**2 + 3*z + 36. Give q(-11).
-239
Let y(x) = 152*x + 366. Determine y(-5).
-394
Let f(w) = w**2 - 126*w + 3347. Calculate f(38).
3
Let u(k) = k**2 + 17*k - 192. Give u(-26).
42
Let p(f) = -2*f**3 - 6*f**2 + 12*f. Calculate p(-4).
-16
Let i(k) = -1822*k + 278772. What is i(153)?
6
Let n(d) = -d**3 - 21*d**2 - 13*d + 127. Determine n(-20).
-13
Let c(t) = 12*t**2 - 379*t + 15. Give c(32).
175
Let j(s) = 24*s - 135. Calculate j(5).
-15
Let h(f) = -19*f**2 - 1408*f - 170. What is h(-74)?
-22
Let m(x) = -2*x**2 + 2*x + 10. Give m(5).
-30
Let t(k) = 12*k - 907. Calculate t(77).
17
Let o(y) = y**3 - 32*y**2 + 39*y - 116. Give o(31).
132
Let x(z) = z**2 - 6*z + 2. Calculate x(8).
18
Let b(n) = 22*n - 818. Calculate b(37).
-4
Let y(h) = h**3 + 28*h**2 + 115*h - 226. What is y(-23)?
-226
Let w(a) = a**3 - 40*a**2 + 111*a + 8. What is w(37)?
8
Let n(a) = -1948*a - 9726. Give n(-5).
14
Let o(f) = 181*f + 10185. Calculate o(-56).
49
Let i(q) = 175*q + 67197. Determine i(-384).
-3
Let z(q) = -161*q + 3752. Give z(25).
-273
Let y(i) = 5*i**3 + 19*i**2 + 148*i + 415. Calculate y(-3).
7
Let q(p) = -14*p - 284. Give q(-21).
10
Let x(k) = -k**2 - 20*k - 141. Determine x(-11).
-42
Let i(w) = -37*w + 103. Give i(2).
29
Let p(b) = 5*b**2 - 12*b + 79. Determine p(10).
459
Let c(l) = 40*l**2 - 9*l - 18. Give c(-2).
160
Let m(o) = -129*o + 623. Give m(5).
-22
Let r(s) = s**2 - 449*s - 8424. Give r(-18).
-18
Let x(f) = 6*f**3 - 74*f**2 + 23*f + 11. Determine x(12).
-1
Let t(c) = 9*c**2 - 18*c - 11. Calculate t(-10).
1069
Let l(x) = x**2 + 13*x - 95. Give l(-19).
19
Let y(v) = -837*v + 2507. What is y(3)?
-4
Let p(s) = -35*s**3 + 5*s**2 - 14*s + 18. What is p(2)?
-270
Let s(u) = -3722*u - 44679. Determine s(-12).
-15
Let d(s) = s**3 - 24*s**2 + 125*s + 24. Determine d(8).
0
Let w(t) = -9*t + 1055. What is w(104)?
119
Let n(d) = -d**2 - 287*d - 11852. Give n(-237).
-2
Let y(b) = b**2 + 28*b + 47. Calculate y(-27).
20
Let t(h) = h**3 + 10*h**2 + 6*h - 3. Calculate t(-9).
24
Let u(x) = 102*x + 216. Calculate u(-2).
12
Let a(l) = -691*l - 15904. What is a(-23)?
-11
Let a(r) = -11*r + 94. Give a(6).
28
Let q(n) = -n**2 - 1439*n - 12871. What is q(-9)?
-1
Let z(u) = 38*u**3 - 2*u**2 + 2*u + 3. Determine z(-1).
-39
Let s(y) = y**2 - 3*y + 58. What is s(0)?
58
Let s(y) = 111*y**2 + 33*y + 34. Calculate s(-1).
112
Let n(t) = t**3 + 12*t**2 - 65*t + 318. Give n(-17).
-22
Let z(y) = y**3 - 177*y**2 + 1676*y - 1006. Calculate z(167).
-4
Let b(m) = -m**3 - 27*m**2 + 89*m - 5. Calculate b(-30).
25
Let k(r) = -r**3 - 10*r**2 - 10*r - 21. Calculate k(-7).
-98
Let u(s) = -s**3 + 60*s**2 - 682*s + 314. Give u(45).
-1
Let m(r) = -11*r - 649. Give m(-59).
0
Let u(k) = -544*k + 1096. What is u(2)?
8
Let r(n) = 2*n**3 + 32*n**2 + 3*n + 39. What is r(-16)?
-9
Let x(h) = -164*h + 2892. Give x(17).
104
Let v(o) = -266*o + 9318. Determine v(35).
8
Let u(k) = 4*k - 6. Calculate u(12).
42
Let j(b) = 2346*b - 21108. What is j(9)?
6
Let r(y) = -y**2 - 54*y - 542. Determine r(-40).
18
Let w(j) = -j**3 - 62*j**2 + 70*j + 462. What is w(-63)?
21
Let n(h) = -h**2 - 22*h + 8. Determine n(-16).
104
Let l(g) = -2*g**2 - 5*g - 77. Determine l(0).
-77
Let c(n) = -n**3 + 11*n**2 - 8*n + 67. Determine c(11).
-21
Let j(l) = -2*l**2 + 74*l - 337. What is j(5)?
-17
Let q(z) = z**3 + 6*z**2 + 5*z - 110. What is q(-7)?
-194
Let t(m) = m**2 + 77*m + 1667. Calculate t(-44).
215
Let c(u) = -u**2 - 344*u - 1693. What is c(-5)?
2
Let b(y) = -y**2 - 14*y + 30. Determine b(6).
-90
Let s(g) = 9*g - 41. Give s(13).
76
Let a(j) = 50*j**3 + 3*j**2 + 3*j - 3. What is a(1)?
53
Let h(b) = 2*b**3 + 2*b**2 - 8*b - 11. Give h(-3).
-23
Let y(c) = 7*c**3 + 8*c**2 + 6*c + 5. Calculate y(-3).
-130
Let c(g) = -7*g - 88. Give c(-8).
-32
Let b(k) = 45*k + 628. What is b(3)?
763
Let y(z) = 25*z - 248. What is y(8)?
-48
Let o(z) = -z**3 - 14*z**2 - 15*z - 11. Give o(-13).
15
Let y(g) = -5*g**3 - 18*g**2 - 19*g + 1. Give y(-2).
7
Let n(s) = s**2 + 2*s + 4. Calculate n(-2).
4
Let x(s) = -s**3 + 11*s**2 + s - 140. Give x(6).
46
Let z(n) = -1391*n - 4163. Determine z(-3).
10
Let d(w) = -w**3 - 56*w**2 + 59*w - 3310. Give d(-58).
-4
Let w(z) = -5*z**2 - 151*z - 583. Give w(-4).
-59
Let c(m) = -29*m**2 - 6*m + 5. Give c(1).
-30
Let w(k) = -4*k**2 + 4*k + 72. What is w(-4)?
-8
Let y(m) = -58*m**3 + m**2 + 5*m - 3. Calculate y(1).
-55
Let w(l) = 77*l - 1546. Give w(20).
-6
Let a(x) = 41*x**2 + 6*x + 27. Give a(-3).
378
Let d(w) = -226*w - 3151. Give d(-14).
13
Let b(c) = -1916*c - 40238. Calculate b(-21).
-2
Let w(n) = -48*n**2 - 437*n - 21. What is w(-9)?
24
Let o(m) = -m**2 + 33*m - 201. Give o(25).
-1
Let j(o) = o**3 + 16*o**2 + 309. Determine j(-17).
20
Let p(o) = -o**2 + 9*o + 977. Calculate p(-27).
5
Let j(v) = v**3 + 90*v**2 + 173*v - 267. Give j(-88).
-3
Let h(l) = -700*l + 3503. Give h(5).
3
Let m(w) = 3*w**3 - 8*w**2 + 5*w - 4. Determine m(4).
80
Let o(a) = a**3 + 34*a**2 - 320*a - 8919. What is o(-36)?
9
Let q(g) = 39*g**2 + 1909*g - 73. Give q(-49).
25
Let x(p) = 460*p - 9146. Calculate x(20).
54
Let b(a) = -28*a + 21. Determine b(5).
-119
Let b(l) = -l**3 - 13*l**2 - 23*l + 10. Calculate b(-14).
528
Let b(c) = 3894*c + 358245. What is b(-92)?
-3
Let a(g) = -g**3 + 8*g**2 + 18*g - 6. Give a(8).
138
Let m(y) = y**3 - 65*y**2 + 128*y - 139. Determine m(63).
-13
Let v(h) = -701*h + 1398. What is v(2)?
-4
Let s(x) = -10*x**2 - 12*x + 30. Give s(-3).
-24
Let h(n) = -3*n - 128. What is h(-35)?
-23
Let a(d) = -56*d + 638. Calculate a(12).
-34
Let z(s) = -208*s - 4608. What is z(-22)?
-32
Let y(n) = 2*n**2 - 1457*n - 1457. Calculate y(-1).
2
Let h(w) = w**3 + 37*w**2 - 96*w - 723. Determine h(-39).
-21
Let n(m) = 292*m + 6443. Determine n(-22).
19
Let h(c) = -67*c**2 + 133*c. Give h(2).
-2
Let o(p) = -16*p**2 + 37*p + 37. Give o(-1).
-16
Let m(b) = -1257*b + 11302. Give m(9).
-11
Let t(j) = -j**2 - 70*j + 2981. What is t(30)?
-19
Let i(n) = -n**3 - 122*n**2 + 643*n + 839. Determine i(-127).
-177
Let f(y) = 338*y**2 + 289*y - 288. Determine f(1).
339
Let l(c) = -1971*c + 19705. What is l(10)?
-5
Let x(z) = 891*z - 29365. Give x(33).
38
Let c(s) = s**2 + 16*s - 81. Give c(4).
-1
Let i(x) = 2*x**3 - 63*x**2 - 30*x - 49. Determine i(32).
15
Let v(a) = -31*a + 3729. Give v(113).
226
Let u(g) = 53*g + 206. What is u(-4)?
-6
Let n(l) = 19*l**3 + 8741*l**2 + 467*l + 3216. Calculate n(-460).
-4
Let r(p) = 2*p**3 - 33*p**2 + 228*p - 37. What is r(11)?
1140
Let j(g) = -g**2 + 51*g + 282. Determine j(-6).
-60
Let o(d) = 363*d**2 + 1801*d - 77. Calculate o(-5).
-7
Let f(y) = 2*y**2 + 27*y - 201. What is f(-22)?
173
Let o(g) = g**2 + 27*g + 23. What is o(-22)?
-87
Let i(g) = 2*g**3 - 36*g**2 - 8*g + 1120. Determine i(16).
-32
Let y(z) = z**3 + 20*z**2 - 23*z + 47. Give y(-21).
89
Let o(n) = 2*n**2 + 5055*n - 127622. Determine o(25).
3
Let z(s) = -2*s**3 - 5*s**2 - s - 16. Give z(-3).
-4
Let o(v) = 2*v**3 + 20*v**2 + 16*v + 172. Calculate o(-10).
12
Let f(m) = 105*m - 5026. Give f(48).
14
Let o(n) = -n**2 + 29*n - 17. Give o(-14).
-619
Let u(r) = -405*r - 82610. Give u(-204).
10
Let a(k) = k**3 + 79*k**2 - 244*k + 219. Calculate a(-82).
55
Let u(h) = h**2 - 63*h + 341. What is u(56)?
-51
Let o(g) = -5962*g + 17878. Calculate o(3).
-8
Let t(m) = m**3 - 31*m**2 + 213*m - 23. Determine t(11).
-100
Let o(s) = 414*s + 5187. Calculate o(-14).
-609
Let r(l) = 3*l**2 + 46*l + 19. Determine r(-14).
-37
Let a(i) = 399*i + 934. Give a(-2).
136
Let w(d) = 41*d**2 + 144*d - 26. Determine w(-5).
279
Let g(r) = -80*r**3 + 3*r**2 - 34*r + 32. Determine g(1).
-79
Let c(a) = 1912*a + 21029. Give c(-11).
-3
Let n(v) = v**3 - 29*v**2 + 36*v + 30. Give n(28).
254
Let z(q) = -46*q**2 - 2066*q + 142. What is z(-45)?
-38
Let c(i) = 191*i**2 + 9*i - 9. What is c(1)?
191
Let w(f) = 26*f**2 - 1302*f + 123. Determine w(50).
23
Let v(j) = -5*j**2 - 35*j - 7. Determin